In base 12, what is -765 - 325?
-a8a
In base 16, what is 947a6 + 1?
947a7
In base 13, what is -4274c + 0?
-4274c
In base 9, what is 44 + 1211?
1255
In base 6, what is -10 - 233552?
-234002
In base 14, what is 139 - -190?
2c9
In base 16, what is 4ca4 + 6d?
4d11
In base 15, what is -5b3 + 261?
-352
In base 13, what is -39 - 1920?
-1959
In base 6, what is 232 - -5053?
5325
In base 15, what is 3b9 + 4?
3bd
In base 9, what is 3070 - 108?
2861
In base 10, what is -1 - 98564?
-98565
In base 3, what is 2 + 20202020?
20202022
In base 3, what is 12 - 12022100010?
-12022022221
In base 16, what is 3f99 - 4?
3f95
In base 11, what is 7137 + -4?
7133
In base 2, what is 1100000000 - -10000010110?
11100010110
In base 2, what is -1101101 + -11101011100?
-11111001001
In base 3, what is 1110 + -20210220?
-20202110
In base 9, what is 88740 - 2?
88737
In base 13, what is -230 - -1a8?
-55
In base 6, what is -55504431 + 4?
-55504423
In base 9, what is -356 + -18?
-375
In base 9, what is -244 + -6223?
-6467
In base 3, what is 20210200212 + -1020?
20210122122
In base 14, what is -4ccb9 - -3?
-4ccb6
In base 10, what is -1 + -2880?
-2881
In base 13, what is -1a43 - -7?
-1a39
In base 13, what is -4 - 5c83b?
-5c842
In base 6, what is 31 - -351020?
351051
In base 9, what is -102573 + 5?
-102567
In base 15, what is 10bd + -2?
10bb
In base 9, what is 32610 - 2?
32607
In base 9, what is -8 - 123085?
-123104
In base 2, what is 100010001110011111011 - 0?
100010001110011111011
In base 7, what is 5125 - -161?
5316
In base 6, what is -504312 + -2?
-504314
In base 3, what is 11 + 221110212020?
221110212101
In base 6, what is -353240 + 0?
-353240
In base 11, what is -23 - -299?
276
In base 12, what is -408 + 2841?
2435
In base 9, what is -2361 - -565?
-1685
In base 4, what is 1031222133 - -103?
1031222302
In base 5, what is 0 - 141414?
-141414
In base 3, what is 20120 + 2022?
22212
In base 8, what is 46560 - -30?
46610
In base 13, what is -114 - -caa?
b96
In base 7, what is -135151 + 3?
-135145
In base 2, what is -11 - 10100000110011?
-10100000110110
In base 16, what is -6 + 244?
23e
In base 3, what is 1112210221 + -11?
1112210210
In base 13, what is 318a7 - 8?
3189c
In base 10, what is 88472 + 5?
88477
In base 9, what is -5 - -1318025?
1318020
In base 11, what is -121173 - 2?
-121175
In base 9, what is -5 + -25331?
-25336
In base 4, what is 11213 - 303100?
-231221
In base 11, what is 4171 - -271?
4432
In base 8, what is -125 - 16655?
-17002
In base 10, what is 4 + -383548?
-383544
In base 2, what is 100111011 + 101110?
101101001
In base 6, what is -5 + 221144?
221135
In base 12, what is 16776 - -54?
1680a
In base 11, what is -1a0 + -397?
-587
In base 10, what is -5 - 1440?
-1445
In base 2, what is -111101010001000001 + -1?
-111101010001000010
In base 2, what is -110001 - 100011001111001000?
-100011001111111001
In base 15, what is -13 + -c5d3?
-c5e6
In base 3, what is -100010 + -11210212?
-12010222
In base 12, what is -87b0 + -151?
-8941
In base 6, what is -21 + -304214?
-304235
In base 7, what is -1303 - -20?
-1253
In base 11, what is 6 - 1339?
-1333
In base 7, what is -1 - -255542?
255541
In base 15, what is -2a - 1d1d?
-1d48
In base 13, what is 1b + -c02?
-bb4
In base 5, what is -33014322 - 1?
-33014323
In base 10, what is 12 - 481?
-469
In base 8, what is 2 + -265536?
-265534
In base 6, what is -54140 + -2?
-54142
In base 13, what is 8c + -17b?
-bc
In base 13, what is 48 - -16075?
160c0
In base 10, what is 5 + 15733?
15738
In base 5, what is -30 + 302401?
302321
In base 11, what is -371030 + 1?
-37102a
In base 8, what is -12 - 135056?
-135070
In base 4, what is 3122 - -2201?
11323
In base 9, what is -205811 + 1?
-205810
In base 9, what is 312715 - -1?
312716
In base 12, what is a40 - -173?
bb3
In base 5, what is 144 - -402214?
402413
In base 3, what is -1211 + 2222?
1011
In base 14, what is -10 - 671d3?
-67203
In base 2, what is -10101 + 1000101000111111?
1000101000101010
In base 13, what is 2b11b - 3?
2b118
In base 5, what is 11014401 - 0?
11014401
In base 11, what is 431 - -19?
44a
In base 16, what is 824e4 + -4?
824e0
In base 5, what is -20 + -1104243?
-1104313
In base 11, what is -a552 + -27?
-a579
In base 10, what is 0 + -11281?
-11281
In base 15, what is -57d - 167?
-6e5
In base 8, what is 37515 + 4?
37521
In base 13, what is b99a1 - -1?
b99a2
In base 16, what is 4d4f - 13?
4d3c
In base 8, what is 23 - 1726?
-1703
In base 4, what is 110313211 + -110?
110313101
In base 5, what is -11 - -433134?
433123
In base 6, what is 1141 - -55442?
101023
In base 4, what is -10 + 210102230?
210102220
In base 12, what is 567576 + -5?
567571
In base 7, what is -550324 - -12?
-550312
In base 8, what is -3 + 351650?
351645
In base 13, what is -6 - 67a2?
-67a8
In base 8, what is -1240 + 6610?
5350
In base 14, what is 4a8 - dda?
-932
In base 5, what is 1422 - -13140?
20112
In base 13, what is 601 - 24?
5aa
In base 6, what is 33354 - -4?
33402
In base 16, what is -15 - -c02?
bed
In base 15, what is 39 - a62?
-a28
In base 16, what is -9be84 - -4?
-9be80
In base 14, what is 1 - 5bb2?
-5bb1
In base 7, what is -151 - -1030?
546
In base 9, what is -2315 - -54?
-2251
In base 7, what is 2524 + 441?
3265
In base 8, what is 5 + -106174?
-106167
In base 10, what is 362034 - 8?
362026
In base 16, what is -e9a0 + 2?
-e99e
In base 8, what is 41121 + 1?
41122
In base 14, what is 189ab - 0?
189ab
In base 14, what is c + 98bc?
98ca
In base 5, what is -102 - -1111310?
1111203
In base 5, what is 110 - -4433?
10043
In base 7, what is -2 + 16145?
16143
In base 9, what is 167517 + 1?
167518
In base 9, what is -2 + 85483?
85481
In base 3, what is 2222 + 200121?
210120
In base 11, what is 118 - 115?
3
In base 16, what is -17 - 2d4?
-2eb
In base 7, what is 0 + -3066160?
-3066160
In base 9, what is -36 + -4480?
-4526
In base 9, what is 7 + 7163?
7171
In base 6, what is 1533 + -1354?
135
In base 11, what is 5 + 8896?
88a0
In base 13, what is 4 + -29112b?
-291127
In base 14, what is 0 + 1217c4?
1217c4
In base 7, what is -135 - 2532?
-3000
In base 4, what is -23 + -112?
-201
In base 9, what is -1878 + -22?
-2011
In base 13, what is 1b - -b30?
b4b
In base 10, what is -1649 + 59?
-1590
In base 10, what is -3016 + 106?
-2910
In base 11, what is 730815 + 0?
730815
In base 12, what is -11b58 - -4?
-11b54
In base 8, what is 1 - 1132627?
-1132626
In base 4, what is -2332231 + 11?
-2332220
In base 8, what is 740 - 664?
54
In base 4, what is -1023020 + 231?
-1022123
In base 11, what is 1623 - 95?
1539
In base 4, what is 32 - 3131100?
-3131002
In base 11, what is -10759 + -2?
-10760
In base 5, what is -332 + -1330?
-2212
In base 3, what is -1001 + 112?
-112
In base 6, what is 0 - -2342043?
2342043
In base 11, what is 3201 + -16?
3196
In base 15, what is -13 - 2eed?
-3011
In base 7, what is 12045 + -12?
12033
In base 11, what is 39 - 994?
-956
In base 16, what is 50ad87 - 4?
50ad83
In base 15, what is -62d - 1e?
-64c
In base 14, what is -3 - a39?
-a3c
In base 15, what is -2ebb - 0?
-2ebb
In base 8, what is 24747 + -1?
24746
In base 4, what is -100113222301 - 11?
-100113222312
In base 7, what is 3 - 132306?
-132303
In base 9, what is -631 - 20?
-651
In base 3, what is 22 + 10120022?
10120121
In base 8, what is 24 - 426515?
-426471
In base 12, what is -3 + 2b50?
2b49
In base 4, what is -20121030 + -20?
-20121110
In base 7, what is 3 - -103005?
103011
In base 3, what is -1121021121201 - -10?
-1121021121121
In base 12, what is 41b - 14?
407
In base 2, what is 100001101100 - -1101?
100001111001
In base 8, what is -421536 + -7?
-421545
In base 4, what is -210 + 120020?
113210
In base 2, what is 110100011010010 + -1010?
110100011001000
In base 16, what is -94e9 + 1?
-94e8
In base 10, what is 123019 + -3?
123016
In base 4, what is 33021120012 + -11?
33021120001
In base 15, what is -293 - 2ec?
-590
In base 11, what is -5 + -6a7802?
-6a7807
In base 11, what is -6 - -253a?
2534
In base 9, what is -7 - 278?
-286
In base 13, what is -100a - 4?
-1011
In base 12, what is 11 - 25239?
-25228
In base 16, what is -543 + 1?
-542
In base 6, what is -40330300 + -3?
-40330303
In base 9, what is -1861521 - -2?
-1861518
In base 6, what is 4 + 12405024?
12405032
In base 10, what is -493875 + -1?
-493876
In base 13, what is -25c + 852?
5c3
In base 5, what